{"id":293,"date":"2024-05-05T12:29:44","date_gmt":"2024-05-05T12:29:44","guid":{"rendered":"https:\/\/backend.praxis-tillenburg.de\/?page_id=293"},"modified":"2024-05-05T12:29:44","modified_gmt":"2024-05-05T12:29:44","slug":"probleme","status":"publish","type":"page","link":"https:\/\/backend.praxis-tillenburg.de\/index.php\/probleme\/","title":{"rendered":"Probleme"},"content":{"rendered":"<h1><span style=\"color: #c83c50;\">Probleme mit den Krankenkassen<\/span><\/h1>\n<p>Immer h\u00e4ufiger versuchen Mitarbeiter diverser Krankenkassen, sich in die medizinische Behandlung einzumischen. Dabei ist gesetzlich eindeutig geregelt, dass dies unzul\u00e4ssig ist. Nur der behandelnde Arzt in Zusammenarbeit mit dem Patienten entscheidet \u00fcber eine notwendige oder hinreichende Therapie.<\/p>\n<p>Immer h\u00e4ufiger versuchen Mitarbeiter dieser Kassen auch, sich beim Patienten medizinische Informationen zu besorgen. Dazu schreiben sie den Betroffenen an oder greifen gleich zum Telefon, und verlangen Ausk\u00fcnfte \u00fcber die Diagnose, den Arzt und welche Therapie geplant ist oder durchgef\u00fchrt wird.<\/p>\n<p>All dies ist nach meiner Ansicht rechtswidrig, denn die KK hat nicht das Recht, von Ihnen diesbez\u00fcgliche Ausk\u00fcnfte zu verlangen. Fragen d\u00fcrfen sie zwar, aber Sie als Patient sind nicht verpflichtet, darauf zu antworten. Ich empfehle hier eindringlich, freundliche aber bestimmt darauf hinzuweisen, dass Sie \u00fcber Ihre Erkrankung nicht gegen\u00fcber einem Nichtarzt sprechen m\u00f6chten, und dass f\u00fcr medizinische Ausk\u00fcnfte der behandelnde Arzt zust\u00e4ndig ist.<\/p>\n<p>Dabei ist es gesetzlich geregelt, welche Ausk\u00fcnfte ich der KK geben darf und muss. Immer wieder versenden Kassen eine nicht zugelassene Anfrage ich mich, die ich dann auch nicht beantworte. Darum versuchen sie es dann bei Betroffenen.<\/p>\n<p>Manchmal drohen sie sogar mit Leistungsk\u00fcrzung, aber auch das ist rechtswidrig, auch wenn der Mitarbeiter der Krankenkasse irgendwelche Paragraphen aus dem Hut zaubert, die das begr\u00fcnden. Gerne wird hier nach meinen Erfahrungen die gesetzliche Mitwirkungspflicht des Patienten ins Felde gef\u00fchrt, doch die betrifft ganz andere Dinge, aber sicher nicht Ihre Auskunftspflicht gegen\u00fcber neugierigen Sachbearbeitern der Kasse.<\/p>\n<p>Seien Sie also vorsichtig, was Sie der Krankenkasse mitteilen. Es k\u00f6nnte zu Ihrem Schaden sein.<\/p>\n<p>&nbsp;<\/p>\n","protected":false},"excerpt":{"rendered":"<p>Probleme mit den Krankenkassen Immer h\u00e4ufiger versuchen Mitarbeiter diverser Krankenkassen, sich in die medizinische Behandlung einzumischen. Dabei ist gesetzlich eindeutig [&hellip;]<\/p>\n","protected":false},"author":3,"featured_media":283,"parent":0,"menu_order":0,"comment_status":"closed","ping_status":"closed","template":"","meta":{"_acf_changed":false,"site-sidebar-layout":"default","site-content-layout":"","ast-site-content-layout":"default","site-content-style":"default","site-sidebar-style":"default","ast-global-header-display":"","ast-banner-title-visibility":"","ast-main-header-display":"","ast-hfb-above-header-display":"","ast-hfb-below-header-display":"","ast-hfb-mobile-header-display":"","site-post-title":"","ast-breadcrumbs-content":"","ast-featured-img":"","footer-sml-layout":"","theme-transparent-header-meta":"default","adv-header-id-meta":"","stick-header-meta":"","header-above-stick-meta":"","header-main-stick-meta":"","header-below-stick-meta":"","astra-migrate-meta-layouts":"set","ast-page-background-enabled":"default","ast-page-background-meta":{"desktop":{"background-color":"var(--ast-global-color-4)","background-image":"","background-repeat":"repeat","background-position":"center center","background-size":"auto","background-attachment":"scroll","background-type":"","background-media":"","overlay-type":"","overlay-color":"","overlay-opacity":"","overlay-gradient":""},"tablet":{"background-color":"","background-image":"","background-repeat":"repeat","background-position":"center center","background-size":"auto","background-attachment":"scroll","background-type":"","background-media":"","overlay-type":"","overlay-color":"","overlay-opacity":"","overlay-gradient":""},"mobile":{"background-color":"","background-image":"","background-repeat":"repeat","background-position":"center center","background-size":"auto","background-attachment":"scroll","background-type":"","background-media":"","overlay-type":"","overlay-color":"","overlay-opacity":"","overlay-gradient":""}},"ast-content-background-meta":{"desktop":{"background-color":"var(--ast-global-color-5)","background-image":"","background-repeat":"repeat","background-position":"center center","background-size":"auto","background-attachment":"scroll","background-type":"","background-media":"","overlay-type":"","overlay-color":"","overlay-opacity":"","overlay-gradient":""},"tablet":{"background-color":"var(--ast-global-color-5)","background-image":"","background-repeat":"repeat","background-position":"center center","background-size":"auto","background-attachment":"scroll","background-type":"","background-media":"","overlay-type":"","overlay-color":"","overlay-opacity":"","overlay-gradient":""},"mobile":{"background-color":"var(--ast-global-color-5)","background-image":"","background-repeat":"repeat","background-position":"center center","background-size":"auto","background-attachment":"scroll","background-type":"","background-media":"","overlay-type":"","overlay-color":"","overlay-opacity":"","overlay-gradient":""}},"footnotes":""},"class_list":["post-293","page","type-page","status-publish","has-post-thumbnail","hentry"],"acf":[],"_links":{"self":[{"href":"https:\/\/backend.praxis-tillenburg.de\/index.php\/wp-json\/wp\/v2\/pages\/293","targetHints":{"allow":["GET"]}}],"collection":[{"href":"https:\/\/backend.praxis-tillenburg.de\/index.php\/wp-json\/wp\/v2\/pages"}],"about":[{"href":"https:\/\/backend.praxis-tillenburg.de\/index.php\/wp-json\/wp\/v2\/types\/page"}],"author":[{"embeddable":true,"href":"https:\/\/backend.praxis-tillenburg.de\/index.php\/wp-json\/wp\/v2\/users\/3"}],"replies":[{"embeddable":true,"href":"https:\/\/backend.praxis-tillenburg.de\/index.php\/wp-json\/wp\/v2\/comments?post=293"}],"version-history":[{"count":1,"href":"https:\/\/backend.praxis-tillenburg.de\/index.php\/wp-json\/wp\/v2\/pages\/293\/revisions"}],"predecessor-version":[{"id":294,"href":"https:\/\/backend.praxis-tillenburg.de\/index.php\/wp-json\/wp\/v2\/pages\/293\/revisions\/294"}],"wp:featuredmedia":[{"embeddable":true,"href":"https:\/\/backend.praxis-tillenburg.de\/index.php\/wp-json\/wp\/v2\/media\/283"}],"wp:attachment":[{"href":"https:\/\/backend.praxis-tillenburg.de\/index.php\/wp-json\/wp\/v2\/media?parent=293"}],"curies":[{"name":"wp","href":"https:\/\/api.w.org\/{rel}","templated":true}]}}