{"id":29,"date":"2024-04-20T14:36:18","date_gmt":"2024-04-20T14:36:18","guid":{"rendered":"https:\/\/backend.praxis-tillenburg.de\/?page_id=29"},"modified":"2025-06-22T14:37:02","modified_gmt":"2025-06-22T14:37:02","slug":"kontakt","status":"publish","type":"page","link":"https:\/\/backend.praxis-tillenburg.de\/index.php\/kontakt\/","title":{"rendered":"Kontakt"},"content":{"rendered":"<h1><span style=\"color: #c83c50;\">Erreichbarkeit:<\/span><\/h1>\n<p>Mir ist sehr wohl bekannt, dass wir manchmal nur schwer zu erreichen sind. Nat\u00fcrlich entspricht das nicht meinen Vorstellungen, und Ihren sicherlich auch nicht. Aber bei uns herrscht die klare Regel, dass Patienten in der Praxis Vorrang vor Telefonaten haben, und so lange eine Mitarbeiterin im direkten Gespr\u00e4ch mit einem Patienten ist, geht sie nicht ans Telefon.<\/p>\n<p>In meiner Praxis arbeiten je nach Tageszeit zwei oder drei Mitarbeiterinnen. Manchmal sind alle besch\u00e4ftigt, was insbesondere am fr\u00fchen Vormittag der Fall ist, dann k\u00f6nnen wir leider nicht telefonieren. Mehr Personal kann ich leider nicht einstellen.<\/p>\n<p>Da der Andrang in unserer Praxis in den letzten Jahren erheblich zugenommen hat und ich inzwischen Patienten aus ganz Deutschland, teilweise auch aus dem Ausland medizinisch berate, klingelt bei uns st\u00e4ndig das Telefon. Da wir von der Telekom zwei Leitungen f\u00fcr Fax und Telefon haben, ist es bei mehr als zwei zeitgleichen Anrufen m\u00f6glich, dass Sie auf die Sprachbox weitergeleitet werden oder das Besetzt-Zeichen zu h\u00f6ren ist.<\/p>\n<p>&nbsp;<\/p>\n<h3><span style=\"color: #c83c50;\">Sie k\u00f6nnen auf folgende Weise mit der Praxis in Kontakt treten:<\/span><\/h3>\n<h4><span style=\"color: #c83c50;\">telefonisch: <\/span><\/h4>\n<p>0211-203369<\/p>\n<h4><span style=\"color: #c83c50;\">per Mail:<\/span><\/h4>\n<p>Mein Personal (Rezepte, \u00dcberweisungen) ist \u00fcber anmeldung&#8220;at&#8220;praxis-tillenburg&#8220;punkt&#8220;de erreichbar:<\/p>\n<p><img loading=\"lazy\" decoding=\"async\" class=\"alignnone size-medium wp-image-276\" src=\"https:\/\/backend.praxis-tillenburg.de\/wp-content\/uploads\/2024\/05\/anmeldung-300x39.jpg\" alt=\"\" width=\"300\" height=\"39\" srcset=\"https:\/\/backend.praxis-tillenburg.de\/wp-content\/uploads\/2024\/05\/anmeldung-300x39.jpg 300w, https:\/\/backend.praxis-tillenburg.de\/wp-content\/uploads\/2024\/05\/anmeldung.jpg 522w\" sizes=\"auto, (max-width: 300px) 100vw, 300px\" \/><\/p>\n<p>Ich bin \u00fcber doc&#8220;at&#8220;praxis-tillenburg&#8220;punkt&#8220;de erreichbar:<\/p>\n<p><img loading=\"lazy\" decoding=\"async\" class=\"alignnone size-medium wp-image-277\" src=\"https:\/\/backend.praxis-tillenburg.de\/wp-content\/uploads\/2024\/05\/doc-300x45.jpg\" alt=\"\" width=\"300\" height=\"45\" srcset=\"https:\/\/backend.praxis-tillenburg.de\/wp-content\/uploads\/2024\/05\/doc-300x45.jpg 300w, https:\/\/backend.praxis-tillenburg.de\/wp-content\/uploads\/2024\/05\/doc.jpg 412w\" sizes=\"auto, (max-width: 300px) 100vw, 300px\" \/><\/p>\n<p>&nbsp;<\/p>\n<h4><strong><span style=\"color: #800080;\">Hinweis:<\/span><\/strong><\/h4>\n<h4><strong><span style=\"color: #800080;\">Bevor Sie mich kontaktieren, lesen Sie sich bitte diese Internetseiten durch. 70% aller Mails und Anfragen, die ich bekomme, lassen sich durch Lesen beantworten.<\/span><\/strong><\/h4>\n<p>Ich bitte um Verst\u00e4ndnis, dass Fragen, deren Antwort sich aus dem Lesen dieser Homepage ergibt, nicht beantwortet werden.<\/p>\n<p>Rezeptw\u00fcnsche und \u00dcberweisungen werden meist zeitnah erledigt. sofern es aufgrund des Andrangs m\u00f6glich ist. Anfragen nach Terminen werden nur dann beantwortet, wenn eine absolute Ruhephase besteht (sehr selten).<\/p>\n<p>Aufgrund des hohen Andrangs kann die Beantwortung von Mails und Anfragen \u00fcber das Kontaktformular bis zu vier Wochen dauern, Ich bekomme oft mehr als 50 Anfragen pro Tag.<\/p>\n<h4><span style=\"color: #c83c50;\">Oder \u00fcber das folgende Kontaktformular:<\/span><\/h4>\n<p><strong>Hinweis: \u00dcber das Kontaktformular sind keine Terminvergaben m\u00f6glich. Das geht ausschlie\u00dflich telefonisch.<\/strong><\/p>\n<h4><span style=\"color: #ff0000;\">Bitte beachten Sie, dass mir aktuell nach dem Urlaub ca. 200 Mails und Bitten um telefonischen R\u00fcckruf vorliegen. Alle sind dringend, daher kann ich sie nur in der Reihenfolge des Eingangs bearbeiten. Ich bitte um Verst\u00e4ndnis, dass Ausnahmen nicht m\u00f6glich sind.<\/span><\/h4>\n","protected":false},"excerpt":{"rendered":"<p>Erreichbarkeit: Mir ist sehr wohl bekannt, dass wir manchmal nur schwer zu erreichen sind. Nat\u00fcrlich entspricht das nicht meinen Vorstellungen, [&hellip;]<\/p>\n","protected":false},"author":1,"featured_media":284,"parent":0,"menu_order":0,"comment_status":"closed","ping_status":"closed","template":"","meta":{"_acf_changed":false,"site-sidebar-layout":"default","site-content-layout":"","ast-site-content-layout":"default","site-content-style":"default","site-sidebar-style":"default","ast-global-header-display":"","ast-banner-title-visibility":"","ast-main-header-display":"","ast-hfb-above-header-display":"","ast-hfb-below-header-display":"","ast-hfb-mobile-header-display":"","site-post-title":"","ast-breadcrumbs-content":"","ast-featured-img":"","footer-sml-layout":"","theme-transparent-header-meta":"default","adv-header-id-meta":"","stick-header-meta":"","header-above-stick-meta":"","header-main-stick-meta":"","header-below-stick-meta":"","astra-migrate-meta-layouts":"set","ast-page-background-enabled":"default","ast-page-background-meta":{"desktop":{"background-color":"var(--ast-global-color-4)","background-image":"","background-repeat":"repeat","background-position":"center center","background-size":"auto","background-attachment":"scroll","background-type":"","background-media":"","overlay-type":"","overlay-color":"","overlay-opacity":"","overlay-gradient":""},"tablet":{"background-color":"","background-image":"","background-repeat":"repeat","background-position":"center center","background-size":"auto","background-attachment":"scroll","background-type":"","background-media":"","overlay-type":"","overlay-color":"","overlay-opacity":"","overlay-gradient":""},"mobile":{"background-color":"","background-image":"","background-repeat":"repeat","background-position":"center center","background-size":"auto","background-attachment":"scroll","background-type":"","background-media":"","overlay-type":"","overlay-color":"","overlay-opacity":"","overlay-gradient":""}},"ast-content-background-meta":{"desktop":{"background-color":"var(--ast-global-color-5)","background-image":"","background-repeat":"repeat","background-position":"center center","background-size":"auto","background-attachment":"scroll","background-type":"","background-media":"","overlay-type":"","overlay-color":"","overlay-opacity":"","overlay-gradient":""},"tablet":{"background-color":"var(--ast-global-color-5)","background-image":"","background-repeat":"repeat","background-position":"center center","background-size":"auto","background-attachment":"scroll","background-type":"","background-media":"","overlay-type":"","overlay-color":"","overlay-opacity":"","overlay-gradient":""},"mobile":{"background-color":"var(--ast-global-color-5)","background-image":"","background-repeat":"repeat","background-position":"center center","background-size":"auto","background-attachment":"scroll","background-type":"","background-media":"","overlay-type":"","overlay-color":"","overlay-opacity":"","overlay-gradient":""}},"footnotes":""},"class_list":["post-29","page","type-page","status-publish","has-post-thumbnail","hentry"],"acf":[],"_links":{"self":[{"href":"https:\/\/backend.praxis-tillenburg.de\/index.php\/wp-json\/wp\/v2\/pages\/29","targetHints":{"allow":["GET"]}}],"collection":[{"href":"https:\/\/backend.praxis-tillenburg.de\/index.php\/wp-json\/wp\/v2\/pages"}],"about":[{"href":"https:\/\/backend.praxis-tillenburg.de\/index.php\/wp-json\/wp\/v2\/types\/page"}],"author":[{"embeddable":true,"href":"https:\/\/backend.praxis-tillenburg.de\/index.php\/wp-json\/wp\/v2\/users\/1"}],"replies":[{"embeddable":true,"href":"https:\/\/backend.praxis-tillenburg.de\/index.php\/wp-json\/wp\/v2\/comments?post=29"}],"version-history":[{"count":20,"href":"https:\/\/backend.praxis-tillenburg.de\/index.php\/wp-json\/wp\/v2\/pages\/29\/revisions"}],"predecessor-version":[{"id":403,"href":"https:\/\/backend.praxis-tillenburg.de\/index.php\/wp-json\/wp\/v2\/pages\/29\/revisions\/403"}],"wp:featuredmedia":[{"embeddable":true,"href":"https:\/\/backend.praxis-tillenburg.de\/index.php\/wp-json\/wp\/v2\/media\/284"}],"wp:attachment":[{"href":"https:\/\/backend.praxis-tillenburg.de\/index.php\/wp-json\/wp\/v2\/media?parent=29"}],"curies":[{"name":"wp","href":"https:\/\/api.w.org\/{rel}","templated":true}]}}