{"id":219,"date":"2024-05-04T13:31:43","date_gmt":"2024-05-04T13:31:43","guid":{"rendered":"https:\/\/backend.praxis-tillenburg.de\/?page_id=219"},"modified":"2024-05-05T19:19:56","modified_gmt":"2024-05-05T19:19:56","slug":"ein-offenes-wort","status":"publish","type":"page","link":"https:\/\/backend.praxis-tillenburg.de\/index.php\/ein-offenes-wort\/","title":{"rendered":"Ein offenes Wort"},"content":{"rendered":"<h1><span style=\"color: #c83c50;\">Liebe Alt-Patienten, liebe Neu-Patienten und solche, die es noch werden wollen<\/span><\/h1>\n<p>(Version vom 27.10.23)<\/p>\n<p>Glaubt man manchen Meldungen sowohl aus der Mainstream-Presse wie auch alternativen neutralen Medien, so steht die n\u00e4chste Virus-Pandemie mit einer neuen und vermutlich (nach bisherigem Wissen) harmlosen Virusvariante bevor. Deshalb soll die Maskenpflicht wieder eingef\u00fchrt werden, strenge Lockdowns f\u00fcr den Winter sind ebenfalls geplant. Auch wird wieder ein hoher Impfdruck entstehen.<\/p>\n<p>Dabei ist l\u00e4ngst durch (auch neuere) Studien belegt, dass weder Maskengebrauch noch Isolierungen oder gar Lockdowns in irgendeiner Form eine Pandemie beeinflussen k\u00f6nnen, durch den Einsatz kam es weder zu einer Reduzierung der Erkrankungen noch zu weniger schweren Verl\u00e4ufen oder gar Minimierung von Todesf\u00e4llen. L\u00e4nder mit Lockdown und Maskenpflicht hatten teilweise sogar h\u00f6here Todeszahlen als solche ohne restriktive Ma\u00dfnahmen. Und es zeigt sich, dass insbesondere Kinder, aber auch Erwachsene, durch die Lockdown-Ma\u00dfnahmen und das Tragen von Masken leider auch einen Teil ihrer Hirnf\u00e4higkeiten eingeb\u00fc\u00dft haben, was sich in Tests als reduzierte Hirnleistung im Vergleich zu fr\u00fcher offenbarte.<\/p>\n<p>Dazu enthalten Masken zahlreiche Giftstoffe und sogar Krebs erregende Substanzen, erste ernstere Sp\u00e4tfolgen des dauerhaften Maskentragens wurden bereits berichtet.<\/p>\n<p>Weiter ist inzwischen eindeutig belegt, dass die Corona-modRNA-Genspritze (&#8222;Impfung&#8220;) keinerlei Reduzierung der Infektionszahlen, der schweren Verl\u00e4ufe oder gar Todeszahlen zur Folge hatte, daf\u00fcr aber zahlreiche schwere Nebenwirkungen. Mehr als 250 Betroffene aus ganz Deutschland betreue ich allein in meiner Praxis.<\/p>\n<p>Erw\u00e4hnen m\u00f6chte ich in diesem Zusammenhang, dass nur ein Bruchteil der gemeldeten Todesf\u00e4lle im Zusammenhang mit Corona (bzw. einem positiven PCR-Test) tats\u00e4chlich eine direkte Folge der Corona-Infektion waren, wie ebenfalls durch Studien belegt wurde. Somit ist insgesamt festzuhalten, dass die Corona-Pandemie weltweit nicht mehr Todesopfer gefordert hat wie eine mittelschwere Grippe, die wir fast in jeder Wintersaison erleben d\u00fcrfen.<\/p>\n<p>Wer tiefer in die Materie eindringt, hat l\u00e4ngst erkannt, dass Maskenpflicht und Lockdown nie das Ziel hatten, die Infektionszahlen zu mindern, sondern einem anderen, gr\u00f6\u00dferen Ziel dienten, gesteuert von einer kleinen Gruppe m\u00e4chtiger, reicher und damit einflussreicher Familien und Konzerne.<\/p>\n<p>Da dies jedoch Politik ist, gehe ich hier auf meiner Praxishomepage nicht n\u00e4her darauf ein.<\/p>\n<p>Ich habe in den letzten drei Jahren stehts auf die medizinischen Zusammenh\u00e4nge und Studien hingewiesen, habe mich immer auf die Seite der leidenden Menschen und der Schwachen gestellt. Ich habe daf\u00fcr viel Kritik ernten m\u00fcssen, auch weil ich gewagt habe, gegen den Strom zu schwimmen, und meine eigene Meinung, die ich nach wie vor f\u00fcr richtig halte, lautstark zu \u00e4u\u00dfern. Ich wurde angezeigt, es gab Verfahren gegen mich und mehrere Geldstrafen in vierstelliger H\u00f6he.<\/p>\n<p>Und doch bin ich mir treu geblieben, und habe alle Verfahren zu meinen Gunsten beenden k\u00f6nnen. Das hat Nerven, Zeit und Geld gekostet, aber es hat sich gelohnt! Andere \u00e4rztliche Kollegen hatten weniger Gl\u00fcck wie ich, Gef\u00e4ngnisstrafen, Berufsverbote und mehr waren die Folgen.<\/p>\n<p>Fragt man mich, ob ich es wieder so machen w\u00fcrde, so lautet meine klare Antwort: \u201eJa, das w\u00fcrde ich wieder tun!\u201c Ich bereue die drei Jahre nicht, sie haben mich weiser und st\u00e4rker gemacht, und daf\u00fcr bin ich sehr dankbar.<\/p>\n<p>Jedoch werde ich, wenn in der Zukunft neue Pandemien, neue Masken- und Impfpflichten auftreten,\u00a0<strong>keinerlei Befreiungsatteste mehr ausstellen.<\/strong>\u00a0Das wird den ein oder anderen Patienten und Leser von mir sicher verwirren, aber es hat sehr gute Gr\u00fcnde.<\/p>\n<p>R\u00fcckblickend wei\u00df ich, dass ich von vielen Menschen einfach nur ausgenutzt wurde. Sie hatten nicht den Mut, aufzustehen oder sich zu wehren, und haben die L\u00f6sung in einem Attest gesehen, wof\u00fcr ich dann den Kopf hinhalten musste.<\/p>\n<p>Und genau dazu bin ich nicht mehr bereit! Wenn alle Menschen aufstehen, die keine Maske tragen oder sich nicht impfen lassen m\u00f6chten, statt nach einem Schlupfloch zu suchen, und lautstark ihre Meinung in Demonstrationen, Wortmeldungen oder auf andere Weise kundtun, dauert es weniger als einige Monate, und der Spuk ist f\u00fcr immer vorbei. Und genau darum geht es mir. Schlupfl\u00f6cher unterst\u00fctzen die Willk\u00fcr der M\u00e4chtigen, und genau dies darf nicht l\u00e4nger geschehen. Die Einstellung mancher \u201esoll doch der Arzt seinen Kopf hinhalten, und nicht ich\u201c, wird von mir nicht mehr unterst\u00fctzt.<\/p>\n<p>Ein von mir sehr gesch\u00e4tzter Rechtsanwalt namens Holger Fischer hat einen Aufsatz auf seinem Telegram-Kanal ver\u00f6ffentlicht, der letztlich das in wunderbaren Worten beschreibt, was ich oben angef\u00fchrt habe. Und genau diese Worte von ihm waren der Ausl\u00f6ser f\u00fcr diese Stellungnahme von mir:<\/p>\n<p><em>\u201e<strong>Und keiner verstecke sich mehr hinter seinem Arzt und dessen Mut, Atteste auszustellen, die diesen dann der Strafverfolgung aussetzen. Niemand verlange den Mut vom Arzt, den er selbst nicht hat. Ein jeder halte seinen Kopf selbst hin, oder er laufe selbst weg. Aber ein jeder stelle sich der Situation und handele eigenverantwortlich.<\/strong>\u201c<\/em><\/p>\n<p>Den kompletten Text finden Sie hier bei Telegram:<\/p>\n<p><strong><a href=\"https:\/\/t.me\/HolgerFischerRA\/8517\">https:\/\/t.me\/HolgerFischerRA\/8517<\/a><\/strong><\/p>\n<p>Was mich betrifft, bin ich aktuell zu fast 50% meiner T\u00e4tigkeit damit besch\u00e4ftigt, den Menschen zu helfen, die als Folge der \u201eImpfung\u201c, schwere und schwerste Gesundheitssch\u00e4den davongetragen haben. Diese Menschen ben\u00f6tigen dringende Hilfe, und hier sehe ich in den n\u00e4chsten Jahren meine haupts\u00e4chliche Aufgabe.<\/p>\n","protected":false},"excerpt":{"rendered":"<p>Liebe Alt-Patienten, liebe Neu-Patienten und solche, die es noch werden wollen (Version vom 27.10.23) Glaubt man manchen Meldungen sowohl aus [&hellip;]<\/p>\n","protected":false},"author":3,"featured_media":304,"parent":0,"menu_order":0,"comment_status":"closed","ping_status":"closed","template":"","meta":{"_acf_changed":false,"site-sidebar-layout":"default","site-content-layout":"","ast-site-content-layout":"default","site-content-style":"default","site-sidebar-style":"default","ast-global-header-display":"","ast-banner-title-visibility":"","ast-main-header-display":"","ast-hfb-above-header-display":"","ast-hfb-below-header-display":"","ast-hfb-mobile-header-display":"","site-post-title":"","ast-breadcrumbs-content":"","ast-featured-img":"","footer-sml-layout":"","theme-transparent-header-meta":"default","adv-header-id-meta":"","stick-header-meta":"","header-above-stick-meta":"","header-main-stick-meta":"","header-below-stick-meta":"","astra-migrate-meta-layouts":"set","ast-page-background-enabled":"default","ast-page-background-meta":{"desktop":{"background-color":"var(--ast-global-color-4)","background-image":"","background-repeat":"repeat","background-position":"center center","background-size":"auto","background-attachment":"scroll","background-type":"","background-media":"","overlay-type":"","overlay-color":"","overlay-opacity":"","overlay-gradient":""},"tablet":{"background-color":"","background-image":"","background-repeat":"repeat","background-position":"center center","background-size":"auto","background-attachment":"scroll","background-type":"","background-media":"","overlay-type":"","overlay-color":"","overlay-opacity":"","overlay-gradient":""},"mobile":{"background-color":"","background-image":"","background-repeat":"repeat","background-position":"center center","background-size":"auto","background-attachment":"scroll","background-type":"","background-media":"","overlay-type":"","overlay-color":"","overlay-opacity":"","overlay-gradient":""}},"ast-content-background-meta":{"desktop":{"background-color":"var(--ast-global-color-5)","background-image":"","background-repeat":"repeat","background-position":"center center","background-size":"auto","background-attachment":"scroll","background-type":"","background-media":"","overlay-type":"","overlay-color":"","overlay-opacity":"","overlay-gradient":""},"tablet":{"background-color":"var(--ast-global-color-5)","background-image":"","background-repeat":"repeat","background-position":"center center","background-size":"auto","background-attachment":"scroll","background-type":"","background-media":"","overlay-type":"","overlay-color":"","overlay-opacity":"","overlay-gradient":""},"mobile":{"background-color":"var(--ast-global-color-5)","background-image":"","background-repeat":"repeat","background-position":"center center","background-size":"auto","background-attachment":"scroll","background-type":"","background-media":"","overlay-type":"","overlay-color":"","overlay-opacity":"","overlay-gradient":""}},"footnotes":""},"class_list":["post-219","page","type-page","status-publish","has-post-thumbnail","hentry"],"acf":[],"_links":{"self":[{"href":"https:\/\/backend.praxis-tillenburg.de\/index.php\/wp-json\/wp\/v2\/pages\/219","targetHints":{"allow":["GET"]}}],"collection":[{"href":"https:\/\/backend.praxis-tillenburg.de\/index.php\/wp-json\/wp\/v2\/pages"}],"about":[{"href":"https:\/\/backend.praxis-tillenburg.de\/index.php\/wp-json\/wp\/v2\/types\/page"}],"author":[{"embeddable":true,"href":"https:\/\/backend.praxis-tillenburg.de\/index.php\/wp-json\/wp\/v2\/users\/3"}],"replies":[{"embeddable":true,"href":"https:\/\/backend.praxis-tillenburg.de\/index.php\/wp-json\/wp\/v2\/comments?post=219"}],"version-history":[{"count":7,"href":"https:\/\/backend.praxis-tillenburg.de\/index.php\/wp-json\/wp\/v2\/pages\/219\/revisions"}],"predecessor-version":[{"id":267,"href":"https:\/\/backend.praxis-tillenburg.de\/index.php\/wp-json\/wp\/v2\/pages\/219\/revisions\/267"}],"wp:featuredmedia":[{"embeddable":true,"href":"https:\/\/backend.praxis-tillenburg.de\/index.php\/wp-json\/wp\/v2\/media\/304"}],"wp:attachment":[{"href":"https:\/\/backend.praxis-tillenburg.de\/index.php\/wp-json\/wp\/v2\/media?parent=219"}],"curies":[{"name":"wp","href":"https:\/\/api.w.org\/{rel}","templated":true}]}}